{"id":232,"date":"2013-07-10T08:11:46","date_gmt":"2013-07-10T06:11:46","guid":{"rendered":"http:\/\/neu.waldsemer-gasserassler.com\/?page_id=232"},"modified":"2023-07-21T13:15:12","modified_gmt":"2023-07-21T11:15:12","slug":"events","status":"publish","type":"page","link":"https:\/\/www.waldsemer-gasserassler.com\/?page_id=232","title":{"rendered":"Events"},"content":{"rendered":"<p style=\"text-align: justify;\"><span style=\"color: #000000;\">Willkommen auf der Seite der Gasserassler Events.<\/span><\/p>\n<p style=\"text-align: justify;\"><span style=\"color: #000000;\">Zu unseren Auftritten in Waldsee und Umgebung geh\u00f6ren nat\u00fcrlich auch noch andere Aktivit\u00e4ten. Auf dieser Seite wollen wir von einigen solcher Aktivit\u00e4ten berichten.<\/span><\/p>\n<p style=\"text-align: justify;\"><span style=\"color: #000000;\">Ein Highlight war sicherlich hierbei unser ersten Guggetreffen im Oktober 2011. Anla\u00df hierzu war unser f\u00fcnfj\u00e4hriges Bestehen.<\/span><\/p>\n<p style=\"text-align: justify;\"><span style=\"color: #000000;\">Nat\u00fcrlich gibt es immerw\u00e4hrende Aktivit\u00e4ten, wie das Trainingslager in Rodalben oder unser Gasserassler Grillfest.<\/span><\/p>\n<p style=\"text-align: justify;\"><span style=\"color: #000000;\">Hier also eine kleine Aufstellung:<\/span><\/p>\n<ul>\n<li><span style=\"color: #0000ff;\"><strong><a title=\"Erstes Waldseer Guggetreffen\" href=\"https:\/\/www.waldsemer-gasserassler.com\/?page_id=395\" target=\"_blank\" rel=\"noopener\"><span style=\"color: #0000ff;\">Erstes Waldseer Guggetreffen<\/span><\/a><\/strong><\/span><\/li>\n<li><span style=\"color: #0000ff;\"><strong><a title=\"Trainingslager 2008\" href=\"https:\/\/www.waldsemer-gasserassler.com\/?page_id=235\" target=\"_blank\" rel=\"noopener\"><span style=\"color: #0000ff;\">Trainingslager 2008<\/span><\/a><\/strong><\/span><\/li>\n<li><span style=\"color: #0000ff;\"><strong><a title=\"Trainingslager 2009\" href=\"https:\/\/www.waldsemer-gasserassler.com\/?page_id=239\" target=\"_blank\" rel=\"noopener\"><span style=\"color: #0000ff;\">Trainingslager 2009<\/span><\/a><\/strong><\/span><\/li>\n<li><span style=\"color: #0000ff;\"><strong><a title=\"Trainingslager 2010\" href=\"https:\/\/www.waldsemer-gasserassler.com\/?page_id=250\" target=\"_blank\" rel=\"noopener\"><span style=\"color: #0000ff;\">Trainingslager 2010<\/span><\/a><\/strong><\/span><\/li>\n<li><span style=\"color: #0000ff;\"><strong><a title=\"Rhein-Neckar-L\u00f6wen 2012\" href=\"https:\/\/www.waldsemer-gasserassler.com\/?page_id=253\" target=\"_blank\" rel=\"noopener\"><span style=\"color: #0000ff;\">Auftritt in der SAP Arena bei den Rhein-Necker-L\u00f6wen<\/span><\/a><\/strong><\/span><\/li>\n<li><span style=\"color: #0000ff;\"><strong><a title=\"Ruffec 2014\" href=\"https:\/\/www.waldsemer-gasserassler.com\/?page_id=1350\" target=\"_blank\" rel=\"noopener\"><span style=\"color: #0000ff;\">Fahrt nach Ruffec<\/span><\/a><\/strong><\/span><\/li>\n<li><span style=\"color: #0000ff;\"><strong><a style=\"color: #0000ff;\" href=\"https:\/\/www.waldsemer-gasserassler.com\/?page_id=1864\" target=\"_blank\" rel=\"noopener\">Teilnahme am Rheinland-Pfalz-Tag 2015<\/a><\/strong><\/span><\/li>\n<\/ul>\n<p>&nbsp;<\/p>\n<p>&nbsp;<\/p>\n","protected":false},"excerpt":{"rendered":"<p>Willkommen auf der Seite der Gasserassler Events. Zu unseren Auftritten in Waldsee und Umgebung geh\u00f6ren nat\u00fcrlich auch noch andere Aktivit\u00e4ten. Auf dieser Seite wollen wir von einigen solcher Aktivit\u00e4ten berichten. Ein Highlight war sicherlich hierbei unser ersten Guggetreffen im Oktober 2011. Anla\u00df hierzu war unser f\u00fcnfj\u00e4hriges Bestehen. Nat\u00fcrlich gibt es immerw\u00e4hrende Aktivit\u00e4ten, wie das Trainingslager [&hellip;]<\/p>\n","protected":false},"author":1,"featured_media":0,"parent":0,"menu_order":0,"comment_status":"closed","ping_status":"open","template":"","meta":{"ngg_post_thumbnail":0,"footnotes":""},"categories":[],"tags":[],"class_list":["post-232","page","type-page","status-publish","hentry"],"_links":{"self":[{"href":"https:\/\/www.waldsemer-gasserassler.com\/index.php?rest_route=\/wp\/v2\/pages\/232","targetHints":{"allow":["GET"]}}],"collection":[{"href":"https:\/\/www.waldsemer-gasserassler.com\/index.php?rest_route=\/wp\/v2\/pages"}],"about":[{"href":"https:\/\/www.waldsemer-gasserassler.com\/index.php?rest_route=\/wp\/v2\/types\/page"}],"author":[{"embeddable":true,"href":"https:\/\/www.waldsemer-gasserassler.com\/index.php?rest_route=\/wp\/v2\/users\/1"}],"replies":[{"embeddable":true,"href":"https:\/\/www.waldsemer-gasserassler.com\/index.php?rest_route=%2Fwp%2Fv2%2Fcomments&post=232"}],"version-history":[{"count":12,"href":"https:\/\/www.waldsemer-gasserassler.com\/index.php?rest_route=\/wp\/v2\/pages\/232\/revisions"}],"predecessor-version":[{"id":4086,"href":"https:\/\/www.waldsemer-gasserassler.com\/index.php?rest_route=\/wp\/v2\/pages\/232\/revisions\/4086"}],"wp:attachment":[{"href":"https:\/\/www.waldsemer-gasserassler.com\/index.php?rest_route=%2Fwp%2Fv2%2Fmedia&parent=232"}],"wp:term":[{"taxonomy":"category","embeddable":true,"href":"https:\/\/www.waldsemer-gasserassler.com\/index.php?rest_route=%2Fwp%2Fv2%2Fcategories&post=232"},{"taxonomy":"post_tag","embeddable":true,"href":"https:\/\/www.waldsemer-gasserassler.com\/index.php?rest_route=%2Fwp%2Fv2%2Ftags&post=232"}],"curies":[{"name":"wp","href":"https:\/\/api.w.org\/{rel}","templated":true}]}}