{"id":253,"date":"2013-07-10T09:03:59","date_gmt":"2013-07-10T07:03:59","guid":{"rendered":"http:\/\/neu.waldsemer-gasserassler.com\/?page_id=253"},"modified":"2015-02-26T11:21:48","modified_gmt":"2015-02-26T10:21:48","slug":"rhein-neckar-lowen-2012","status":"publish","type":"page","link":"https:\/\/www.waldsemer-gasserassler.com\/?page_id=253","title":{"rendered":"Rhein-Neckar-L\u00f6wen 2012"},"content":{"rendered":"<p><span style=\"color: #ff0000;\"><strong>Gastspiel bei den Rhein-Neckar-L\u00f6wen in der SAP Arena<\/strong><\/span><\/p>\n<p style=\"text-align: justify;\"><span style=\"color: #000000;\">Am 15. Februar 2012 unternahmen die Gasserassler einen Ausflug in die SAP Arena nach Mannheim. Wir wurden von den Rhein-Neckar-L\u00f6wen eingeladen, um am Rahmenprogramm eines Handball Bundesligaspiels teilzunehmen. Dem Wunsch sind wir nat\u00fcrlich gerne nachgekommen. Damit die Fahrt zur Arena ein Erlebnis wird, wurde sofort mit der Planung begonnen. Unser Planungsteam konnte die historische Stra\u00dfenbahn von der RNV organisieren. Gut, die reichte nicht ganz f\u00fcr alle Gasserassler, das Equipment und die vielen Fans. Deshalb wurde halt noch eine &#8222;normale&#8220; Stra\u00dfenbahn gleich mitbestellt. Nat\u00fcrlich durfte auf der langen Fahrt das leibliche Wohl nicht zu kurz kommen. Unser Catering-Team versorgte alle Teilnehmer mit einem gut best\u00fcckten Lunchpaket und die Getr\u00e4nke wurden gleichm\u00e4\u00dfig in den Wagen verteilt. Schon auf der Hinfahrt stimmten wir uns auf die bevorstehenden Auftritte ein; auch musikalisch! Nach der Ankunft an der SAP-Arena begaben sich unsere Fans und Mitfahrer auf deren Pl\u00e4tze in der Arena und wir Gasserassler wurden in den Innenraum gebracht. Hier konnten wir dann vor dem Spiel einige Lieder spielen. In der Halbzeitpause unterhielten wir dann die L\u00f6wenfans mit weiteren stimmungsvollen Nummern unseres Repertoires. Nach dem Handballspiel konnten dann auch wir die letzte Runde einl\u00e4uten. Nach dem Abholen einiger Autogramme machten wir dann einige Fotos mit den Spielern und uns dann wieder auf den Weg zu den Stra\u00dfenbahnen. F\u00fcr uns Gasserassler wird dieser Abend noch lange in Erinnerung bleiben und wir m\u00f6chten uns bei allen bedanken, die zum Gelingen des Abends beigetragen haben.<\/span><\/p>\n<p style=\"text-align: justify;\"><span style=\"color: #000000;\">In den n\u00e4chsten Wochen haben wir dann noch bei zwei weiteren Heimspielen der L\u00f6wen das Publikum w\u00e4hrend der Halbzeitpause unterhalten.<\/span><\/p>\n","protected":false},"excerpt":{"rendered":"<p>Gastspiel bei den Rhein-Neckar-L\u00f6wen in der SAP Arena Am 15. Februar 2012 unternahmen die Gasserassler einen Ausflug in die SAP Arena nach Mannheim. Wir wurden von den Rhein-Neckar-L\u00f6wen eingeladen, um am Rahmenprogramm eines Handball Bundesligaspiels teilzunehmen. Dem Wunsch sind wir nat\u00fcrlich gerne nachgekommen. Damit die Fahrt zur Arena ein Erlebnis wird, wurde sofort mit der [&hellip;]<\/p>\n","protected":false},"author":1,"featured_media":0,"parent":232,"menu_order":0,"comment_status":"closed","ping_status":"open","template":"","meta":{"ngg_post_thumbnail":0,"footnotes":""},"categories":[],"tags":[],"class_list":["post-253","page","type-page","status-publish","hentry"],"_links":{"self":[{"href":"https:\/\/www.waldsemer-gasserassler.com\/index.php?rest_route=\/wp\/v2\/pages\/253","targetHints":{"allow":["GET"]}}],"collection":[{"href":"https:\/\/www.waldsemer-gasserassler.com\/index.php?rest_route=\/wp\/v2\/pages"}],"about":[{"href":"https:\/\/www.waldsemer-gasserassler.com\/index.php?rest_route=\/wp\/v2\/types\/page"}],"author":[{"embeddable":true,"href":"https:\/\/www.waldsemer-gasserassler.com\/index.php?rest_route=\/wp\/v2\/users\/1"}],"replies":[{"embeddable":true,"href":"https:\/\/www.waldsemer-gasserassler.com\/index.php?rest_route=%2Fwp%2Fv2%2Fcomments&post=253"}],"version-history":[{"count":5,"href":"https:\/\/www.waldsemer-gasserassler.com\/index.php?rest_route=\/wp\/v2\/pages\/253\/revisions"}],"predecessor-version":[{"id":1694,"href":"https:\/\/www.waldsemer-gasserassler.com\/index.php?rest_route=\/wp\/v2\/pages\/253\/revisions\/1694"}],"up":[{"embeddable":true,"href":"https:\/\/www.waldsemer-gasserassler.com\/index.php?rest_route=\/wp\/v2\/pages\/232"}],"wp:attachment":[{"href":"https:\/\/www.waldsemer-gasserassler.com\/index.php?rest_route=%2Fwp%2Fv2%2Fmedia&parent=253"}],"wp:term":[{"taxonomy":"category","embeddable":true,"href":"https:\/\/www.waldsemer-gasserassler.com\/index.php?rest_route=%2Fwp%2Fv2%2Fcategories&post=253"},{"taxonomy":"post_tag","embeddable":true,"href":"https:\/\/www.waldsemer-gasserassler.com\/index.php?rest_route=%2Fwp%2Fv2%2Ftags&post=253"}],"curies":[{"name":"wp","href":"https:\/\/api.w.org\/{rel}","templated":true}]}}