{"id":3559,"date":"2018-08-22T12:48:28","date_gmt":"2018-08-22T10:48:28","guid":{"rendered":"http:\/\/www.waldsemer-gasserassler.com\/?page_id=3559"},"modified":"2023-04-03T13:26:07","modified_gmt":"2023-04-03T11:26:07","slug":"goldener-loewe","status":"publish","type":"page","link":"https:\/\/www.waldsemer-gasserassler.com\/?page_id=3559","title":{"rendered":"Goldener L\u00f6we"},"content":{"rendered":"<p style=\"text-align: justify;\"><span style=\"color: #000000;\">Viele Gasserassler waren \u2013 und sind immer noch \u2013 bei der UNO seit Jahren aktiv. Daf\u00fcr gibt es von der \u201eVereinigung Badisch-Pf\u00e4lzischer Karnevalvereine\u201c und vom \u201eBund deutscher Karnevalvereine\u201c besondere Auszeichnungen.<\/span><\/p>\n<ul style=\"text-align: justify;\">\n<li><span style=\"color: #ff0000;\"><strong>Der \u201eGoldene L\u00f6we\u201c<\/strong><\/span><\/li>\n<\/ul>\n<p style=\"text-align: justify;\"><span style=\"color: #000000;\">Zitat : [\u2026] Der h\u00f6chste Verdienstorden der Vereinigung Badisch-Pf\u00e4lzischer Karnevalvereine, der \u201e<strong>Goldene L\u00f6we<\/strong>\u201c stellt im Grunde die Narretei auf den Kopf.Sozusagen wider aller Narrenweisheit. Denn dieser Orden wird f\u00fcr n\u00e4rrische Verdienste verliehen, eine Auszeichnung f\u00fcr all jene, die sich um die Fasnacht jahrelang, jahrzehntelang verdient gemacht haben. Er ist weder Parodie noch Persiflage. In der Regel erh\u00e4lt man den \u201eGoldenen L\u00f6wen\u201c nach 22 Jahren aktiver T\u00e4tigkeit im Karnevalverein.&nbsp;<\/span><\/p>\n<p><span style=\"color: #000000;\"><strong>Hier die L\u00f6wentr\u00e4ger der Waldsemer Gasserassler<\/strong><\/span><\/p>\n<table>\n<tbody>\n<tr style=\"height: 149px;\">\n<td style=\"background-color: #fcfafa; border-color: #000000; height: 149px;\">\n<p style=\"text-align: center;\"><span style=\"font-size: 12pt; color: #000000;\"><strong>J\u00fcrgen Netter<\/strong><\/span><\/p>\n<p style=\"text-align: center;\"><span style=\"color: #000000; font-size: 10pt;\">ngg_shortcode_0_placeholder<\/span><\/p>\n<p style=\"text-align: center;\"><span style=\"font-size: 12pt; color: #000000;\"><strong>1994<\/strong><\/span><\/p>\n<\/td>\n<td style=\"background-color: #fcfafa; height: 149px;\">\n<p style=\"text-align: center;\"><span style=\"font-size: 12pt; color: #000000;\"><strong>Sandra Kn\u00f6rr<\/strong><\/span><\/p>\n<p style=\"text-align: center;\"><span style=\"color: #000000; font-size: 10pt;\">ngg_shortcode_1_placeholder<\/span><\/p>\n<p style=\"text-align: center;\"><span style=\"font-size: 12pt; color: #000000;\"><strong>2000<\/strong><\/span><\/p>\n<\/td>\n<td style=\"background-color: #fcfafa; height: 149px;\">\n<p style=\"text-align: center;\"><span style=\"font-size: 12pt; color: #000000;\"><strong>Uli Ke\u00dfler<\/strong><\/span><\/p>\n<p style=\"text-align: center;\"><span style=\"color: #000000; font-size: 10pt;\">ngg_shortcode_2_placeholder<\/span><\/p>\n<p style=\"text-align: center;\"><span style=\"font-size: 12pt; color: #000000;\"><strong>2002<\/strong><\/span><\/p>\n<\/td>\n<\/tr>\n<tr style=\"height: 149px;\">\n<td style=\"background-color: #ffffff; height: 149px;\">\n<p style=\"text-align: center;\"><span style=\"font-size: 12pt; color: #000000;\"><strong>Vera Erbach<\/strong><\/span><\/p>\n<p style=\"text-align: center;\"><span style=\"color: #000000; font-size: 10pt;\">ngg_shortcode_3_placeholder<\/span><\/p>\n<p style=\"text-align: center;\"><span style=\"font-size: 12pt; color: #000000;\"><strong>2003<\/strong><\/span><\/p>\n<\/td>\n<td style=\"background-color: #ffffff; height: 149px;\">\n<p style=\"text-align: center;\"><span style=\"font-size: 12pt; color: #000000;\"><strong>Uli Kerscher-Ullrich<\/strong><\/span><\/p>\n<p style=\"text-align: center;\"><span style=\"color: #000000; font-size: 10pt;\">ngg_shortcode_4_placeholder<\/span><\/p>\n<p style=\"text-align: center;\"><span style=\"font-size: 12pt; color: #000000;\"><strong>2003<\/strong><\/span><\/p>\n<\/td>\n<td style=\"background-color: #ffffff; height: 149px;\">\n<p style=\"text-align: center;\"><span style=\"font-size: 12pt; color: #000000;\"><strong>Elke Nieser<\/strong><\/span><\/p>\n<p style=\"text-align: center;\"><span style=\"color: #000000; font-size: 10pt;\">ngg_shortcode_5_placeholder<\/span><\/p>\n<p style=\"text-align: center;\"><span style=\"font-size: 12pt; color: #000000;\"><strong>2006<\/strong><\/span><\/p>\n<\/td>\n<\/tr>\n<tr style=\"height: 149px;\">\n<td style=\"background-color: #fafafa; height: 149px;\">\n<p style=\"text-align: center;\"><span style=\"font-size: 12pt; color: #000000;\"><strong>Ralf Krug<\/strong><\/span><\/p>\n<p style=\"text-align: center;\"><span style=\"color: #000000; font-size: 10pt;\">ngg_shortcode_6_placeholder<\/span><\/p>\n<p style=\"text-align: center;\"><span style=\"font-size: 12pt; color: #000000;\"><strong>2007<\/strong><\/span><\/p>\n<\/td>\n<td style=\"background-color: #fafafa; height: 149px;\">\n<p style=\"text-align: center;\"><span style=\"font-size: 12pt; color: #000000;\"><strong>Volker Kn\u00f6rr<\/strong><\/span><\/p>\n<p style=\"text-align: center;\"><span style=\"color: #000000; font-size: 10pt;\">ngg_shortcode_7_placeholder<\/span><\/p>\n<p style=\"text-align: center;\"><span style=\"font-size: 12pt; color: #000000;\"><strong>2012<\/strong><\/span><\/p>\n<\/td>\n<td style=\"background-color: #fafafa; height: 149px;\">\n<p style=\"text-align: center;\"><span style=\"font-size: 12pt; color: #000000;\"><strong>Matthias Erbach<\/strong><\/span><\/p>\n<p style=\"text-align: center;\"><span style=\"color: #000000; font-size: 10pt;\">ngg_shortcode_8_placeholder<\/span><\/p>\n<p style=\"text-align: center;\"><span style=\"font-size: 12pt; color: #000000;\"><strong>2013<\/strong><\/span><\/p>\n<\/td>\n<\/tr>\n<tr style=\"height: 149px;\">\n<td style=\"border-color: #000000; height: 149px;\">\n<p style=\"text-align: center;\"><span style=\"font-size: 12pt; color: #000000;\"><strong>Klaus Krieg<\/strong><\/span><\/p>\n<p style=\"text-align: center;\"><span style=\"color: #000000; font-size: 10pt;\">ngg_shortcode_9_placeholder<\/span><\/p>\n<p style=\"text-align: center;\"><span style=\"font-size: 12pt; color: #000000;\"><strong>2014<\/strong><\/span><\/p>\n<\/td>\n<td style=\"border-color: #000000; height: 149px;\">\n<p style=\"text-align: center;\"><span style=\"font-size: 12pt; color: #000000;\"><strong>Stefan Dromnitzki<\/strong><\/span><\/p>\n<p style=\"text-align: center;\"><span style=\"color: #000000; font-size: 10pt;\">ngg_shortcode_10_placeholder<\/span><\/p>\n<p style=\"text-align: center;\"><span style=\"font-size: 12pt; color: #000000;\"><strong>2015<\/strong><\/span><\/p>\n<\/td>\n<td style=\"border-color: #000000; height: 149px;\">\n<p style=\"text-align: center;\"><span style=\"font-size: 12pt; color: #000000;\"><strong>Katrin Sch\u00f6pf<\/strong><\/span><\/p>\n<p style=\"text-align: center;\"><span style=\"color: #000000; font-size: 10pt;\">ngg_shortcode_11_placeholder<\/span><\/p>\n<p style=\"text-align: center;\"><span style=\"font-size: 12pt; color: #000000;\"><strong>2016<\/strong><\/span><\/p>\n<\/td>\n<\/tr>\n<tr style=\"height: 149px;\">\n<td style=\"background-color: #fafafa; height: 149px;\">\n<p style=\"text-align: center;\"><span style=\"font-size: 12pt; color: #000000;\"><strong>Stefan Th\u00f6nnes<\/strong><\/span><\/p>\n<p style=\"text-align: center;\"><span style=\"color: #000000; font-size: 10pt;\">ngg_shortcode_12_placeholder<\/span><\/p>\n<p style=\"text-align: center;\"><span style=\"font-size: 12pt; color: #000000;\"><strong>2017<\/strong><\/span><\/p>\n<\/td>\n<td style=\"background-color: #fafafa; height: 149px;\">\n<p style=\"text-align: center;\"><span style=\"font-size: 12pt; color: #000000;\"><strong>Isabella Keller<\/strong><\/span><\/p>\n<p style=\"text-align: center;\"><span style=\"color: #000000; font-size: 10pt;\">ngg_shortcode_13_placeholder<\/span><\/p>\n<p style=\"text-align: center;\"><span style=\"font-size: 12pt; color: #000000;\"><strong>2019<\/strong><\/span><\/p>\n<\/td>\n<td style=\"background-color: #fafafa; height: 149px;\">\n<p style=\"text-align: center;\"><span style=\"font-size: 12pt; color: #000000;\"><strong>Andreas Ki\u00dfler<\/strong><\/span><\/p>\n<p style=\"text-align: center;\"><span style=\"color: #000000; font-size: 10pt;\">ngg_shortcode_14_placeholder<\/span><\/p>\n<p style=\"text-align: center;\"><span style=\"font-size: 12pt; color: #000000;\"><strong>2022<\/strong><\/span><\/p>\n<\/td>\n<\/tr>\n<tr>\n<td style=\"background-color: #fafafa;\">\n<p style=\"text-align: center;\"><span style=\"font-size: 12pt; color: #000000;\"><strong>&nbsp;<\/strong><\/span><\/p>\n<\/td>\n<td style=\"background-color: #fafafa;\">\n<p style=\"text-align: center;\"><span style=\"font-size: 12pt; color: #000000;\"><strong>Julia Schotth\u00f6fer<\/strong><\/span><\/p>\n<p style=\"text-align: center;\"><span style=\"color: #000000; font-size: 10pt;\">ngg_shortcode_15_placeholder<\/span><\/p>\n<p style=\"text-align: center;\"><span style=\"font-size: 12pt; color: #000000;\"><strong>2023<\/strong><\/span><\/p>\n<p style=\"text-align: center;\"><span style=\"font-size: 12pt; color: #000000;\"><strong>&nbsp;<\/strong><\/span><\/p>\n<\/td>\n<td style=\"background-color: #fafafa;\">\n<p style=\"text-align: center;\"><span style=\"font-size: 12pt; color: #000000;\"><strong>&nbsp;<\/strong><\/span><\/p>\n<\/td>\n<\/tr>\n<\/tbody>\n<\/table>\n<p>&nbsp;<\/p>\n<p>&nbsp;<\/p>\n<p>&nbsp;<\/p>\n<p>&nbsp;<\/p>\n<p>&nbsp;<\/p>\n","protected":false},"excerpt":{"rendered":"<p>Viele Gasserassler waren \u2013 und sind immer noch \u2013 bei der UNO seit Jahren aktiv. Daf\u00fcr gibt es von der \u201eVereinigung Badisch-Pf\u00e4lzischer Karnevalvereine\u201c und vom \u201eBund deutscher Karnevalvereine\u201c besondere Auszeichnungen. Der \u201eGoldene L\u00f6we\u201c Zitat : [\u2026] Der h\u00f6chste Verdienstorden der Vereinigung Badisch-Pf\u00e4lzischer Karnevalvereine, der \u201eGoldene L\u00f6we\u201c stellt im Grunde die Narretei auf den Kopf.Sozusagen wider [&hellip;]<\/p>\n","protected":false},"author":1,"featured_media":0,"parent":0,"menu_order":0,"comment_status":"closed","ping_status":"closed","template":"","meta":{"ngg_post_thumbnail":0,"footnotes":""},"categories":[43],"tags":[],"class_list":["post-3559","page","type-page","status-publish","hentry","category-in-arbeit"],"_links":{"self":[{"href":"https:\/\/www.waldsemer-gasserassler.com\/index.php?rest_route=\/wp\/v2\/pages\/3559","targetHints":{"allow":["GET"]}}],"collection":[{"href":"https:\/\/www.waldsemer-gasserassler.com\/index.php?rest_route=\/wp\/v2\/pages"}],"about":[{"href":"https:\/\/www.waldsemer-gasserassler.com\/index.php?rest_route=\/wp\/v2\/types\/page"}],"author":[{"embeddable":true,"href":"https:\/\/www.waldsemer-gasserassler.com\/index.php?rest_route=\/wp\/v2\/users\/1"}],"replies":[{"embeddable":true,"href":"https:\/\/www.waldsemer-gasserassler.com\/index.php?rest_route=%2Fwp%2Fv2%2Fcomments&post=3559"}],"version-history":[{"count":31,"href":"https:\/\/www.waldsemer-gasserassler.com\/index.php?rest_route=\/wp\/v2\/pages\/3559\/revisions"}],"predecessor-version":[{"id":4066,"href":"https:\/\/www.waldsemer-gasserassler.com\/index.php?rest_route=\/wp\/v2\/pages\/3559\/revisions\/4066"}],"wp:attachment":[{"href":"https:\/\/www.waldsemer-gasserassler.com\/index.php?rest_route=%2Fwp%2Fv2%2Fmedia&parent=3559"}],"wp:term":[{"taxonomy":"category","embeddable":true,"href":"https:\/\/www.waldsemer-gasserassler.com\/index.php?rest_route=%2Fwp%2Fv2%2Fcategories&post=3559"},{"taxonomy":"post_tag","embeddable":true,"href":"https:\/\/www.waldsemer-gasserassler.com\/index.php?rest_route=%2Fwp%2Fv2%2Ftags&post=3559"}],"curies":[{"name":"wp","href":"https:\/\/api.w.org\/{rel}","templated":true}]}}